{"id":195,"date":"2017-03-03T00:43:42","date_gmt":"2017-03-02T23:43:42","guid":{"rendered":"http:\/\/gpflug.de\/website\/?page_id=195"},"modified":"2017-11-12T08:07:33","modified_gmt":"2017-11-12T07:07:33","slug":"gespraechsfuehrung","status":"publish","type":"page","link":"https:\/\/gpflug.de\/website\/gespraechsfuehrung\/","title":{"rendered":"Gespr\u00e4chsf\u00fchrung"},"content":{"rendered":"<p>Gespr\u00e4chsf\u00fchrung f\u00fcr F\u00fchrungskr\u00e4fte, spezifische Berufsgruppen, Paare und Einzelpersonen<br \/>\nDie auf der Methode von Carl Rogers basierende Art der Gespr\u00e4chsf\u00fchrung stellt eine exzellente M\u00f6glichkeit dar, in verschiedenen Situationen zu einer L\u00f6sung zu kommen.<\/p>\n<p>Ausgangssituationen:<\/p>\n<ul>\n<li>\u00dcberwindung von Widerst\u00e4nden in Teambesprechungen und einzelnen Mitarbeitern gegen\u00fcber.<\/li>\n<li>Situationen, in denen motiviert werden muss.<\/li>\n<li>Gespr\u00e4che zur Probleml\u00f6sung bei Konflikten zwischen Mitarbeitern und bei Ver\u00e4nderungen.<\/li>\n<li>Reklamationen und Beschwerden am Telefon und im pers\u00f6nlichen Kontakt.<\/li>\n<li>Das helfende Gespr\u00e4ch (Krankenpflege, Altenpflege, Seelsorge etc.).<\/li>\n<li>Beratungskompetenz<\/li>\n<li>Teamgespr\u00e4che<\/li>\n<li>Paar &#8211; und Elterngespr\u00e4che<\/li>\n<li>Konflikte innerhalb der Familie<\/li>\n<\/ul>\n<p>Inhalte:<\/p>\n<ul>\n<li>Auseinandersetzung mit eigenen Grundhaltungen, als Voraussetzung f\u00fcr effektive Gespr\u00e4chsf\u00fchrung.<\/li>\n<li>Die zwei Ebenen in einem Gespr\u00e4ch.<\/li>\n<li>Selbstwahrnehmung und Fremdwahrnehmung.<\/li>\n<li>K\u00f6rpersprache und verbaler Ausdruck.<\/li>\n<li>F\u00f6rderliche und hemmende Faktoren bei Gespr\u00e4chen.<\/li>\n<li>Grundlegende Techniken f\u00fcr effektive Gespr\u00e4che.<\/li>\n<li>M\u00f6glichkeiten, Kritik zu \u00e4u\u00dfern, ohne zu demotivieren.<\/li>\n<li>Die Kunst des Zuh\u00f6rens nutzen, um positive Resultate beim Gegen\u00fcber zu erzielen.<\/li>\n<\/ul>\n<p>Methoden dieses Seminars sind Vortrag, Partner\u00fcbung, Rollenspiel, Gruppengespr\u00e4ch. Anhand von vorgestellten Gespr\u00e4chssituationen der Teilnehmer\/innen werden Alternativen erarbeitet und das Gelernte angewandt und vertieft.<\/p>\n<p>Das Seminar ist entsprechend der Zielgruppe und den Bed\u00fcrfnissen gestaltbar.<\/p>\n<p>Dauer:<\/p>\n<p>Je nach Teilnehmerzahl und Intensit\u00e4t werden 2-3 Tage ben\u00f6tigt.<br \/>\nZur Transfersicherung w\u00e4re nach einigen Wochen ein weiteres eint\u00e4giges Treffen empfehlenswert.<\/p>\n<p>&nbsp;<\/p>\n<p>&nbsp;<\/p>\n<p>&nbsp;<\/p>\n<p>&nbsp;<\/p>\n<p>&nbsp;<\/p>\n ","protected":false},"excerpt":{"rendered":"<p>Gespr\u00e4chsf\u00fchrung f\u00fcr F\u00fchrungskr\u00e4fte, spezifische Berufsgruppen, Paare und Einzelpersonen Die auf der Methode von Carl Rogers basierende Art der Gespr\u00e4chsf\u00fchrung stellt eine exzellente M\u00f6glichkeit dar, in verschiedenen Situationen zu einer L\u00f6sung zu kommen. Ausgangssituationen: \u00dcberwindung von Widerst\u00e4nden in Teambesprechungen und einzelnen Mitarbeitern gegen\u00fcber. Situationen, in denen motiviert werden muss. Gespr\u00e4che zur Probleml\u00f6sung bei Konflikten zwischen Mitarbeitern &hellip; <\/p>\n<p class=\"link-more\"><a href=\"https:\/\/gpflug.de\/website\/gespraechsfuehrung\/\" class=\"more-link\"><span class=\"screen-reader-text\">\u201eGespr\u00e4chsf\u00fchrung\u201c <\/span>weiterlesen<\/a><\/p>\n","protected":false},"author":1,"featured_media":0,"parent":0,"menu_order":0,"comment_status":"closed","ping_status":"closed","template":"","meta":{"slim_seo":{"title":"Gespr\u00e4chsf\u00fchrung - Yoga Life Gerhard Pflug","description":"Gespr\u00e4chsf\u00fchrung f\u00fcr F\u00fchrungskr\u00e4fte, spezifische Berufsgruppen, Paare und Einzelpersonen Die auf der Methode von Carl Rogers basierende Art der Gespr\u00e4chsf\u00fchrung"},"footnotes":""},"class_list":["post-195","page","type-page","status-publish","hentry"],"_links":{"self":[{"href":"https:\/\/gpflug.de\/website\/wp-json\/wp\/v2\/pages\/195","targetHints":{"allow":["GET"]}}],"collection":[{"href":"https:\/\/gpflug.de\/website\/wp-json\/wp\/v2\/pages"}],"about":[{"href":"https:\/\/gpflug.de\/website\/wp-json\/wp\/v2\/types\/page"}],"author":[{"embeddable":true,"href":"https:\/\/gpflug.de\/website\/wp-json\/wp\/v2\/users\/1"}],"replies":[{"embeddable":true,"href":"https:\/\/gpflug.de\/website\/wp-json\/wp\/v2\/comments?post=195"}],"version-history":[{"count":6,"href":"https:\/\/gpflug.de\/website\/wp-json\/wp\/v2\/pages\/195\/revisions"}],"predecessor-version":[{"id":777,"href":"https:\/\/gpflug.de\/website\/wp-json\/wp\/v2\/pages\/195\/revisions\/777"}],"wp:attachment":[{"href":"https:\/\/gpflug.de\/website\/wp-json\/wp\/v2\/media?parent=195"}],"curies":[{"name":"wp","href":"https:\/\/api.w.org\/{rel}","templated":true}]}}